).
1
Let l(o) = 8*o**2 + 9*o - 3. Calculate l(-3).
42
Let b(k) = -2*k**3 - 29*k**2 + 10*k + 15. What is b(-15)?
90
Let w(d) = d**3 + 34*d**2 + 3*d + 98. Calculate w(-34).
-4
Let g(y) = -y**2 + 24*y - 31. What is g(22)?
13
Let w(q) = q**2 - 7*q + 12. What is w(3)?
0
Let z(q) = 11*q - 1. Determine z(-9).
-100
Let p(o) = -o**3 + 14*o**2 + 2*o - 26. Determine p(14).
2
Let x(c) = c**3 - 4*c**2 - 9*c. Give x(5).
-20
Let c(q) = -q**3 - 2*q**2 + q - 3. What is c(-2)?
-5
Let d(g) = g**3 + 80*g**2 - 80*g + 73. What is d(-81)?
-8
Let h(y) = -2*y**2 - 22*y + 17. Give h(-12).
-7
Let w(r) = r**2 - 7*r - 25. Give w(6).
-31
Let y(g) = 4*g - 37. What is y(8)?
-5
Let g(j) = -j**2 - 18*j + 27. What is g(-19)?
8
Let l(x) = 2*x**3 + 9*x**2 - 8*x + 2. Give l(-6).
-58
Let r(u) = 10*u**2 + 6*u - 4. What is r(1)?
12
Let a(j) = j**2 - 9*j + 2. Give a(10).
12
Let q(c) = 22*c - 7. Give q(-5).
-117
Let r(f) = f**2 - 2. What is r(4)?
14
Let i(v) = 35*v - 543. Calculate i(16).
17
Let t(y) = y**3 + 40*y**2 - 2*y - 80. Calculate t(-40).
0
Let d(a) = -a - 13. Determine d(-3).
-10
Let r(b) = 4*b - 1. Determine r(2).
7
Let n(d) = -17*d**2 + d. Calculate n(-2).
-70
Let g(j) = 6*j - 18. Calculate g(-11).
-84
Let n(t) = -4*t + 89. Determine n(11).
45
Let d(v) = v**3 + 10*v**2 - 7*v - 11. What is d(-9)?
133
Let f(j) = -j**2 + 3*j + 2. What is f(2)?
4
Let n(d) = 3*d**3 + d**2 - 3*d + 4. Calculate n(0).
4
Let a(u) = 2*u + 3. Calculate a(-3).
-3
Let w(l) = l**2 + 19*l + 1. What is w(-19)?
1
Let l(c) = -2*c**3 - 123*c**2 - 62*c - 64. What is l(-61)?
-3
Let q(x) = 13*x + 5. Determine q(-4).
-47
Let q(l) = l**3 - 9*l**2 - 6*l - 9. Determine q(10).
31
Let n(l) = -6*l**2 - 2*l + 1. What is n(-1)?
-3
Let o(i) = -2*i**3 - 121*i**2 + 59*i - 120. Determine o(-61).
2
Let g(t) = t**2 + 7*t - 13. What is g(0)?
-13
Let h(k) = 15*k - 423. Give h(28).
-3
Let h(c) = -4*c. What is h(0)?
0
Let m(h) = 4*h**3 - h**2 + h - 1. What is m(1)?
3
Let n(l) = 29*l + 155. Calculate n(-7).
-48
Let b(u) = -u**3 - 27*u**2 - 74*u - 48. Give b(-24).
0
Let x(u) = -7*u - 22. What is x(-7)?
27
Let u(h) = -h + 71. Calculate u(20).
51
Let j(u) = 38*u - 49. Give j(4).
103
Let f(v) = v**2 - 13*v + 8. Determine f(13).
8
Let m(l) = -3*l**2 + 3*l - 2. Determine m(1).
-2
Let s(n) = -n**2 + 11*n + 13. Give s(10).
23
Let g(f) = -f**3 + 23*f**2 + 20*f - 7. Calculate g(24).
-103
Let n(z) = -z**3 + 19*z**2 + 35. Calculate n(19).
35
Let n(q) = 4*q**2 + 5*q + 6. What is n(-2)?
12
Let z(k) = -11*k**2 - 35*k - 5. Calculate z(-3).
1
Let l(t) = -t**3 - 42*t**2 + 43*t + 3. What is l(-43)?
3
Let x(k) = -k**2 + 10*k - 7. Determine x(9).
2
Let l(n) = -2*n**3 + n**2 + 2*n. What is l(2)?
-8
Let n(r) = -3*r - 12. Give n(-5).
3
Let i(m) = -6*m - 5. Determine i(-1).
1
Let k(x) = -x**3 - 9*x**2 + 9*x - 10. What is k(-10)?
0
Let f(v) = 13*v + 10. Determine f(10).
140
Let v(y) = y**3 - 21*y**2 - 47*y + 24. Calculate v(23).
1
Let k(h) = -2*h + 39. Give k(23).
-7
Let g(q) = 2*q**3 + 20*q**2 + 22*q + 20. Calculate g(-9).
-16
Let m(y) = -y**2 - 11*y - 6. What is m(-8)?
18
Let d(s) = -s**3 + 5*s**2 + 15*s + 4. Calculate d(7).
11
Let v(k) = k**3 - 9*k**2 - 34*k - 22. Calculate v(12).
2
Let j(f) = -2*f**2 - 44*f - 162. What is j(-5)?
8
Let q(r) = r**3 + 20*r**2 - 21*r - 14. Give q(-21).
-14
Let y(t) = t**3 + 6*t**2 - 8*t - 5. What is y(-6)?
43
Let h(q) = -3*q**2 + 18*q - 19. Give h(5).
-4
Let h(l) = 2*l + 7. Give h(-8).
-9
Let t(c) = -c**2 + 10*c. Calculate t(9).
9
Let m(j) = -5*j - 8. Give m(-3).
7
Let h(l) = -6*l + 25. Calculate h(3).
7
Let v(w) = -w**3 + 6*w**2 - 7*w + 2. Give v(5).
-8
Let r(g) = 111*g + 329. Determine r(-3).
-4
Let d(j) = -j**2 - 5*j + 2. Calculate d(1).
-4
Let g(r) = -23*r - 9. Calculate g(2).
-55
Let a(t) = -t**2 - 17*t - 5. Determine a(-17).
-5
Let z(k) = k**2 + 9*k - 8. Give z(-8).
-16
Let u(v) = 15*v - 117. Give u(8).
3
Let t(h) = -h - 7. Calculate t(-11).
4
Let f(x) = -4*x**2 + 2*x - 1. Give f(2).
-13
Let r(x) = -x**3 + 8*x**2 + 9*x - 10. Determine r(9).
-10
Let x(d) = d**3 - d**2 - 1. What is x(1)?
-1
Let n(m) = m - 5. What is n(4)?
-1
Let f(h) = -2*h**3 - h**2 + 18*h + 5. Calculate f(0).
5
Let t(s) = s**3 + 5*s**2 + 2*s + 2. Give t(-3).
14
Let z(h) = -h**3 + 6*h**2 - 2*h - 16. Calculate z(5).
-1
Let o(w) = 4*w + 1. Give o(1).
5
Let d(y) = 15*y**2 - 2*y + 1. Give d(1).
14
Let g(n) = n**2 - 5. Determine g(-7).
44
Let r(w) = 2*w - 39. Give r(17).
-5
Let j(m) = m**2 - 27*m - 37. What is j(29)?
21
Let n(j) = 6*j - 150. Give n(26).
6
Let j(z) = -4*z + 101. Determine j(22).
13
Let w(k) = -k**2 - 8*k - 4. Calculate w(-6).
8
Let b(o) = o**3 + 4*o**2 - 2*o + 1. Determine b(-5).
-14
Let k(f) = 3*f**3 - 2*f**2 + 5. What is k(-2)?
-27
Let b(q) = q**2 + 6*q - 26. What is b(-9)?
1
Let w(v) = -6*v - 160. What is w(-30)?
20
Let k(j) = j**3 - 10*j**2 - 10*j + 7. What is k(11)?
18
Let t(p) = -13*p + 368. Calculate t(29).
-9
Let m(y) = -y**2 - 15*y + 32. Calculate m(-17).
-2
Let c(z) = -5*z + 9. Calculate c(3).
-6
Let t(x) = x**2 - 5*x + 5. What is t(5)?
5
Let u(h) = h**2 - 2*h - 85. Determine u(10).
-5
Let l(x) = x**2 + 29*x + 152. Determine l(-21).
-16
Let j(p) = -45*p**2 - 4*p - 2. Give j(-1).
-43
Let o(z) = 4*z**2 + 5*z - 86. Determine o(-5).
-11
Let y(g) = -3*g**2 - 4*g - 3. What is y(-2)?
-7
Let k(i) = -2*i**2 + 18*i + 20. Calculate k(10).
0
Let r(i) = i**3 - 9*i**2 - 3*i + 12. Calculate r(9).
-15
Let g(v) = -v**2 + 3*v. What is g(8)?
-40
Let s(d) = -7*d + 127. Give s(17).
8
Let l(h) = -4*h**3 - 3*h**2 - 3*h - 2. Give l(-2).
24
Let c(d) = d**2 + 7*d - 7. Calculate c(-7).
-7
Let q(p) = p**3 - 8*p**2 - 9*p - 6. Give q(9).
-6
Let n(c) = -c**3 + 29*c**2 - c - 1. Calculate n(29).
-30
Let p(w) = -2*w**3 + 1. Determine p(1).
-1
Let m(p) = 5*p - 89. Calculate m(21).
16
Let o(w) = -4*w + 95. Determine o(25).
-5
Let a(b) = 2*b - 8. What is a(3)?
-2
Let r(x) = x**3 - 12*x**2 - 30*x + 24. What is r(14)?
-4
Let l(a) = -a**3 + 23*a**2 - 19*a - 59. Determine l(22).
7
Let o(c) = c**3 - 3*c**2 - 3*c - 3. What is o(3)?
-12
Let w(z) = 15*z - 5. Determine w(2).
25
Let u(b) = -b**2 - 9*b - 5. Calculate u(-7).
9
Let a(f) = -f**2 - 8*f + 30. Determine a(-10).
10
Let n(j) = -j**2 + 10*j - 12. What is n(8)?
4
Let s(r) = r**3 - 4*r**2 - 7*r + 7. Determine s(5).
-3
Let u(g) = -g**3 + 8*g**2 - 2*g - 6. Give u(8).
-22
Let k(l) = -57*l**3 - l**2. Calculate k(1).
-58
Let a(o) = o**2 + 18*o - 124. Calculate a(6).
20
Let o(d) = 56*d + 670. What is o(-12)?
-2
Let q(a) = a**3 - 9*a + 7. What is q(3)?
7
Let v(k) = -k**3 - 18*k**2 - 31*k + 22. What is v(-16)?
6
Let i(c) = 14*c + 34. Calculate i(-5).
-36
Let w(x) = -4*x + 5. Give w(1).
1
Let o(j) = -j**3 - 17*j**2 + 19*j + 30. What is o(-18)?
12
Let m(r) = 6*r - 26. Calculate m(-7).
-68
Let b(o) = 57*o**3 - o - 1. Calculate b(-1).
-57
Let x(t) = t**3 - 6*t**2 - 10*t + 23. Determine x(7).
2
Let u(l) = 16*l - 156. What is u(10)?
4
Let t(k) = 4*k**2 - 11*k + 4. What is t(3)?
7
Let j(s) = -s**2 + s + 13. What is j(4)?
1
Let c(k) = k**2 + 11*k + 14. Give c(-7).
-14
Let w(y) = -3*y**2 + 5*y + 2. Determine w(-3).
-40
Let o(m) = m**2 - 8*m - 18. Calculate o(12).
30
Let l(a) = 14*a**2 + a + 6. What is l(-2)?
60
Let u(d) = -3*d + 4. What is u(4)?
-8
Let a(u) = u**3 - 16*u**2 + 32*u - 47. What is a(14)?
9
Let t(p) = p**2 - 2*p + 3. Determine t(0).
3
Let w(j) = -j**3 - 4*j**2 + 5*j - 32. What is w(-6)?
10
Let m(a) = -a**2 + 15*a + 10. Calculate m(15).
10
Let n(g) = -34*g - 65. Determine n(-2).
3
Let j(n) = -101*n + 2. What is j(-2)?
204
Let j(w) = 17*w + 17. What is j(-5)?
-68
Let w(p) = p + 4. Give w(4).
8
Let f(g) = -g**3 - 18*g**2 + 18*g - 8. Determine f(-19).
11
Let x(u) = -u**3 - 5*u**2 - 2*u - 1. Give x(-4).
-9
Let l(t) = -t**3 - t**2 + 11*t + 18. Give l(-2).
0
Let o(v) = v**3 + 9*v**2 + 6*v - 11. What is o(-8)?
5
Let z(t) = -t**2 - 16*t - 30. Determine z(-15).
-15
Let b(q) = q**2 + 9*q - 51. Give b(-12).
-15
Let l(j) = -j**2 - 2*j - 4. Determine l(-3).
-7
Let s(j) = -9*j - 4. Determine s(-2).
14
Let p(x) = -x**3 - 15*x**2 - 5*x. Give p(-14).
-126
Let u(p) = -59*p**2 + 10*p - 1. Determine u(1).
-50
Let g(p) = -8*p - 151. What is g(-19)?
1
Let c(p) = 25*p**3 + 4*p**2 - 2*p. Give c(1).
27
Let h(x) = -20*x**2 - 4*x - 2. What is h(-1)?
-18
Let v(f) = 2*f + 14. What is v(-12)?
-10
Let o(g) = -g**3 - 28*g**2 - 56*g - 38. Determine o(-26).